{"id":33,"date":"2026-03-08T14:30:47","date_gmt":"2026-03-08T14:30:47","guid":{"rendered":"http:\/\/flyingsisters.be\/?page_id=33"},"modified":"2026-03-08T14:43:44","modified_gmt":"2026-03-08T14:43:44","slug":"qui-sommes-nous","status":"publish","type":"page","link":"https:\/\/flyingsisters.be\/index.php\/qui-sommes-nous\/","title":{"rendered":"Qui sommes-nous ?"},"content":{"rendered":"\n<div class=\"wp-block-cover alignfull wp-elements-449271c690887e615fbe66b00c2c0ce2\" style=\"min-height:244px;aspect-ratio:unset;\"><span aria-hidden=\"true\" class=\"wp-block-cover__background has-custom-344-e-41-background-color has-background-dim-100 has-background-dim\"><\/span><div class=\"wp-block-cover__inner-container has-global-padding is-layout-constrained wp-block-cover-is-layout-constrained\">\n<div class=\"wp-block-group has-global-padding is-content-justification-left is-layout-constrained wp-container-core-group-is-layout-3540e7cd wp-block-group-is-layout-constrained\">\n<p><\/p>\n<\/div>\n\n\n\n<div class=\"wp-block-media-text is-stacked-on-mobile\"><figure class=\"wp-block-media-text__media\"><img loading=\"lazy\" decoding=\"async\" width=\"1024\" height=\"1024\" src=\"http:\/\/flyingsisters.be\/wp-content\/uploads\/2026\/03\/8D7A5173-1024x1024.jpg\" alt=\"\" class=\"wp-image-25 size-full\" srcset=\"https:\/\/flyingsisters.be\/wp-content\/uploads\/2026\/03\/8D7A5173-1024x1024.jpg 1024w, https:\/\/flyingsisters.be\/wp-content\/uploads\/2026\/03\/8D7A5173-300x300.jpg 300w, https:\/\/flyingsisters.be\/wp-content\/uploads\/2026\/03\/8D7A5173-150x150.jpg 150w, https:\/\/flyingsisters.be\/wp-content\/uploads\/2026\/03\/8D7A5173-768x768.jpg 768w, https:\/\/flyingsisters.be\/wp-content\/uploads\/2026\/03\/8D7A5173-1536x1536.jpg 1536w, https:\/\/flyingsisters.be\/wp-content\/uploads\/2026\/03\/8D7A5173-2048x2048.jpg 2048w\" sizes=\"auto, (max-width: 1024px) 100vw, 1024px\" \/><\/figure><div class=\"wp-block-media-text__content\">\n<div class=\"wp-block-group has-global-padding is-layout-constrained wp-block-group-is-layout-constrained\">\n<p data-wp-context---core-fit-text=\"core\/fit-text::{&quot;fontSize&quot;:&quot;&quot;}\" data-wp-init---core-fit-text=\"core\/fit-text::callbacks.init\" data-wp-interactive data-wp-style--font-size=\"core\/fit-text::context.fontSize\" class=\"has-fit-text\">MARGOT<\/p>\n<\/div>\n\n\n\n<p>Danseuse depuis l\u2019\u00e2ge de 6 ans, Margot a d\u00e9couvert le pole en 2021 et n\u2019a jamais pu s\u2019en d\u00e9faire. Cette discipline, o\u00f9 elle peut allier souplesse et force, est devenue pour elle un v\u00e9ritable moyen d\u2019expression. Entre gr\u00e2ce et intensit\u00e9, elle aime explorer les contrastes qu\u2019offre cette pratique, en m\u00ealant \u00e9nergie et d\u00e9licatesse. Sur sc\u00e8ne, Margot vous invite \u00e0 partager son univers, o\u00f9 la technique se met au service de l\u2019\u00e9motion<\/p>\n<\/div><\/div>\n<\/div><\/div>\n\n\n\n<div class=\"wp-block-media-text has-media-on-the-right is-stacked-on-mobile\" style=\"grid-template-columns:auto 44%\"><div class=\"wp-block-media-text__content\">\n<blockquote class=\"wp-block-quote is-layout-flow wp-block-quote-is-layout-flow\">\n<p data-wp-context---core-fit-text=\"core\/fit-text::{&quot;fontSize&quot;:&quot;&quot;}\" data-wp-init---core-fit-text=\"core\/fit-text::callbacks.init\" data-wp-interactive data-wp-style--font-size=\"core\/fit-text::context.fontSize\" class=\"has-fit-text\">Lisa &nbsp; &nbsp;&nbsp;<\/p>\n\n\n\n<p>J\u2019ai commenc\u00e9 la pole un peu par hasard en juin 2021, dans un moment sombre de ma vie o\u00f9 j\u2019avais peu confiance en moi et surtout en mon corps. Je suis tout de suite tomb\u00e9e amoureuse de ce sport qui lie force, pr\u00e9cision, \u00e9l\u00e9gance, pers\u00e9v\u00e9rance et bienveillance !<\/p>\n\n\n\n<p>Pendant mes cours, j\u2019accorde une importance particuli\u00e8re \u00e0 la conscience du corps, \u00e0 l\u2019\u00e9coute et au respect de soi. Je vous pousse dans vos retranchements si je pense que vous en \u00eates capable et je veille \u00e0 ce que chacun\u00b7e puisse \u00eatre conscient\u00b7e et fier\u00b7e de ses progr\u00e8s ! J\u2019aime le spin tout doux et le static dynamique (coucou les flips et les drops !).<\/p>\n<\/blockquote>\n<\/div><figure class=\"wp-block-media-text__media\"><img loading=\"lazy\" decoding=\"async\" width=\"1024\" height=\"1024\" src=\"http:\/\/flyingsisters.be\/wp-content\/uploads\/2026\/03\/8D7A5309-1024x1024.jpg\" alt=\"\" class=\"wp-image-27 size-full\" srcset=\"https:\/\/flyingsisters.be\/wp-content\/uploads\/2026\/03\/8D7A5309-1024x1024.jpg 1024w, https:\/\/flyingsisters.be\/wp-content\/uploads\/2026\/03\/8D7A5309-300x300.jpg 300w, https:\/\/flyingsisters.be\/wp-content\/uploads\/2026\/03\/8D7A5309-150x150.jpg 150w, https:\/\/flyingsisters.be\/wp-content\/uploads\/2026\/03\/8D7A5309-768x768.jpg 768w, https:\/\/flyingsisters.be\/wp-content\/uploads\/2026\/03\/8D7A5309-1536x1536.jpg 1536w, https:\/\/flyingsisters.be\/wp-content\/uploads\/2026\/03\/8D7A5309-2048x2048.jpg 2048w\" sizes=\"auto, (max-width: 1024px) 100vw, 1024px\" \/><\/figure><\/div>\n\n\n\n<div class=\"wp-block-cover alignfull wp-elements-0e891765471e8ff50f83bcb60c61076f\" style=\"min-height:244px;aspect-ratio:unset;\"><span aria-hidden=\"true\" class=\"wp-block-cover__background has-custom-344-e-41-background-color has-background-dim-100 has-background-dim\"><\/span><div class=\"wp-block-cover__inner-container has-global-padding is-layout-constrained wp-block-cover-is-layout-constrained\">\n<div class=\"wp-block-group has-global-padding is-content-justification-left is-layout-constrained wp-container-core-group-is-layout-3540e7cd wp-block-group-is-layout-constrained\">\n<p><\/p>\n<\/div>\n\n\n\n<div class=\"wp-block-media-text is-stacked-on-mobile\"><figure class=\"wp-block-media-text__media\"><img loading=\"lazy\" decoding=\"async\" width=\"683\" height=\"1024\" src=\"http:\/\/flyingsisters.be\/wp-content\/uploads\/2026\/03\/8D7A5510-683x1024.jpg\" alt=\"\" class=\"wp-image-28 size-full\" srcset=\"https:\/\/flyingsisters.be\/wp-content\/uploads\/2026\/03\/8D7A5510-683x1024.jpg 683w, https:\/\/flyingsisters.be\/wp-content\/uploads\/2026\/03\/8D7A5510-200x300.jpg 200w, https:\/\/flyingsisters.be\/wp-content\/uploads\/2026\/03\/8D7A5510-768x1152.jpg 768w, https:\/\/flyingsisters.be\/wp-content\/uploads\/2026\/03\/8D7A5510-1024x1536.jpg 1024w, https:\/\/flyingsisters.be\/wp-content\/uploads\/2026\/03\/8D7A5510-1365x2048.jpg 1365w, https:\/\/flyingsisters.be\/wp-content\/uploads\/2026\/03\/8D7A5510-scaled.jpg 1707w\" sizes=\"auto, (max-width: 683px) 100vw, 683px\" \/><\/figure><div class=\"wp-block-media-text__content\">\n<p data-wp-context---core-fit-text=\"core\/fit-text::{&quot;fontSize&quot;:&quot;&quot;}\" data-wp-init---core-fit-text=\"core\/fit-text::callbacks.init\" data-wp-interactive data-wp-style--font-size=\"core\/fit-text::context.fontSize\" class=\"has-fit-text\">Cyrielle &nbsp; &nbsp; &nbsp;&nbsp;<\/p>\n\n\n\n<p>J&#8217;ai d\u00e9couvert la pole il y a plus de 6 ans maintenant et d\u00e8s le premier cours \u00e7a a \u00e9t\u00e9 une \u00e9vidence. Ce sport permet de travailler la force, la souplesse et le c\u00f4t\u00e9 artistique je crois que c&#8217;est cette compl\u00e9mentarit\u00e9 qui me pla\u00eet autant.&nbsp;<\/p>\n\n\n\n<p>Petite je faisais de la gymnastique ce qui explique s\u00fbrement mon amour pour les handstands et les flips mais pas de panique j&#8217;ai appris \u00e0 aimer le spin aussi.<\/p>\n\n\n\n<p>Je transmets cette passion depuis l&#8217;\u00e9t\u00e9 2020 et j&#8217;adore vous crier de tendre vos pointes de pieds mais aussi et surtout m&#8217;extasier devant vos exploits. Je suis la pire \u00e9l\u00e8ve (t\u00eatue et boudeuse) c&#8217;est ce qui fait de moi une tr\u00e8s bonne prof, je vais toujours chercher \u00e0 vous challenger et \u00e0 vous donner le conseil qui vous permettra de briller.<\/p>\n\n\n\n<p>H\u00e2te de vous apprendre \u00e0 \u00eatre encore plus merveilleux.ses, des bisous, Cycy<\/p>\n<\/div><\/div>\n<\/div><\/div>\n\n\n\n<div class=\"wp-block-media-text has-media-on-the-right is-stacked-on-mobile\" style=\"grid-template-columns:auto 38%\"><div class=\"wp-block-media-text__content\">\n<p data-wp-context---core-fit-text=\"core\/fit-text::{&quot;fontSize&quot;:&quot;&quot;}\" data-wp-init---core-fit-text=\"core\/fit-text::callbacks.init\" data-wp-interactive data-wp-style--font-size=\"core\/fit-text::context.fontSize\" class=\"has-fit-text\">Ce qui nous lie<\/p>\n\n\n\n<p>\u00c0 l\u2019origine, il y a une passion commune : la pole dance. Une discipline qui nous a r\u00e9unies, inspir\u00e9es et pouss\u00e9es \u00e0 nous d\u00e9passer. Au fil des entra\u00eenements, des heures pass\u00e9es \u00e0 chercher, essayer, tomber et recommencer, un lien s\u2019est naturellement cr\u00e9\u00e9.<\/p>\n\n\n\n<p>Nous avons appris \u00e0 nous conna\u00eetre dans le mouvement, \u00e0 nous soutenir, \u00e0 nous encourager et \u00e0 nous faire confiance. De cours en cours, en s\u2019entra\u00eenant parfois l\u2019une chez l\u2019autre, une amiti\u00e9 est n\u00e9e, port\u00e9e par cette m\u00eame envie de progresser et de partager.<\/p>\n\n\n\n<p>Avec le temps, l\u2019id\u00e9e d\u2019un projet commun s\u2019est impos\u00e9e comme une \u00e9vidence. L\u2019envie de cr\u00e9er ensemble, de m\u00ealer nos univers et de donner vie \u00e0 quelque chose qui nous ressemble.<\/p>\n\n\n\n<p>Flying Sisters est n\u00e9 de cette rencontre : une passion partag\u00e9e, une amiti\u00e9 construite dans l\u2019effort et la joie, et le d\u00e9sir de faire vivre cette \u00e9nergie sur sc\u00e8ne.<\/p>\n<\/div><figure class=\"wp-block-media-text__media\"><img loading=\"lazy\" decoding=\"async\" width=\"683\" height=\"1024\" src=\"http:\/\/flyingsisters.be\/wp-content\/uploads\/2026\/03\/8D7A5466-683x1024.jpg\" alt=\"\" class=\"wp-image-29 size-full\" srcset=\"https:\/\/flyingsisters.be\/wp-content\/uploads\/2026\/03\/8D7A5466-683x1024.jpg 683w, https:\/\/flyingsisters.be\/wp-content\/uploads\/2026\/03\/8D7A5466-200x300.jpg 200w, https:\/\/flyingsisters.be\/wp-content\/uploads\/2026\/03\/8D7A5466-768x1152.jpg 768w, https:\/\/flyingsisters.be\/wp-content\/uploads\/2026\/03\/8D7A5466-1024x1536.jpg 1024w, https:\/\/flyingsisters.be\/wp-content\/uploads\/2026\/03\/8D7A5466-1365x2048.jpg 1365w, https:\/\/flyingsisters.be\/wp-content\/uploads\/2026\/03\/8D7A5466-scaled.jpg 1707w\" sizes=\"auto, (max-width: 683px) 100vw, 683px\" \/><\/figure><\/div>\n","protected":false},"excerpt":{"rendered":"<p>Ce qui nous lie \u00c0 l\u2019origine, il y a une passion commune : la pole dance. Une discipline qui nous a r\u00e9unies, inspir\u00e9es et pouss\u00e9es \u00e0 nous d\u00e9passer. Au fil des entra\u00eenements, des heures pass\u00e9es \u00e0 chercher, essayer, tomber et recommencer, un lien s\u2019est naturellement cr\u00e9\u00e9. Nous avons appris \u00e0 nous conna\u00eetre dans le mouvement, [&hellip;]<\/p>\n","protected":false},"author":1,"featured_media":0,"parent":0,"menu_order":0,"comment_status":"closed","ping_status":"closed","template":"","meta":{"footnotes":""},"class_list":["post-33","page","type-page","status-publish","hentry"],"_links":{"self":[{"href":"https:\/\/flyingsisters.be\/index.php\/wp-json\/wp\/v2\/pages\/33","targetHints":{"allow":["GET"]}}],"collection":[{"href":"https:\/\/flyingsisters.be\/index.php\/wp-json\/wp\/v2\/pages"}],"about":[{"href":"https:\/\/flyingsisters.be\/index.php\/wp-json\/wp\/v2\/types\/page"}],"author":[{"embeddable":true,"href":"https:\/\/flyingsisters.be\/index.php\/wp-json\/wp\/v2\/users\/1"}],"replies":[{"embeddable":true,"href":"https:\/\/flyingsisters.be\/index.php\/wp-json\/wp\/v2\/comments?post=33"}],"version-history":[{"count":3,"href":"https:\/\/flyingsisters.be\/index.php\/wp-json\/wp\/v2\/pages\/33\/revisions"}],"predecessor-version":[{"id":40,"href":"https:\/\/flyingsisters.be\/index.php\/wp-json\/wp\/v2\/pages\/33\/revisions\/40"}],"wp:attachment":[{"href":"https:\/\/flyingsisters.be\/index.php\/wp-json\/wp\/v2\/media?parent=33"}],"curies":[{"name":"wp","href":"https:\/\/api.w.org\/{rel}","templated":true}]}}