{"id":62,"date":"2026-03-08T23:42:38","date_gmt":"2026-03-08T23:42:38","guid":{"rendered":"https:\/\/flyingsisters.be\/index.php\/sur-mesure\/"},"modified":"2026-03-08T23:43:46","modified_gmt":"2026-03-08T23:43:46","slug":"sur-mesure","status":"publish","type":"page","link":"https:\/\/flyingsisters.be\/index.php\/sur-mesure\/","title":{"rendered":"Sur mesure"},"content":{"rendered":"\n<h3 class=\"wp-block-heading\">Cr\u00e9er une performance sur mesure<\/h3>\n\n\n\n<p>Pour imaginer une performance parfaitement adapt\u00e9e \u00e0 votre \u00e9v\u00e9nement, nous avons besoin de quelques informations essentielles. Celles-ci nous permettent de concevoir un show qui s\u2019int\u00e8gre harmonieusement au lieu, \u00e0 l\u2019ambiance et au d\u00e9roulement de votre \u00e9v\u00e9nement.<\/p>\n\n\n\n<p>Voici les \u00e9l\u00e9ments qui nous aident \u00e0 pr\u00e9parer une proposition sur mesure :<\/p>\n\n\n\n<ul class=\"wp-block-list\">\n<li><strong>Le lieu de l\u2019\u00e9v\u00e9nement<\/strong>\u00a0(espace disponible, hauteur, possibilit\u00e9 d\u2019accroche, int\u00e9rieur ou ext\u00e9rieur).<\/li>\n\n\n\n<li><strong>La dur\u00e9e de notre pr\u00e9sence sur place<\/strong>.<\/li>\n\n\n\n<li><strong>La dur\u00e9e souhait\u00e9e de la ou des performances<\/strong>.<\/li>\n\n\n\n<li><strong>Le nombre de performances pr\u00e9vues durant l\u2019\u00e9v\u00e9nement<\/strong>.<\/li>\n\n\n\n<li><strong>Le type de performance souhait\u00e9<\/strong>\u00a0(ambiance, style, \u00e9nergie\u2026).<\/li>\n\n\n\n<li><strong>L\u2019agr\u00e8s choisi<\/strong>\u00a0(voir la section d\u00e9di\u00e9e aux agr\u00e8s).<\/li>\n\n\n\n<li><strong>Le format de la performance<\/strong>\u00a0: solo, duo ou trio.<\/li>\n<\/ul>\n\n\n\n<p>Avec ces informations, nous pouvons cr\u00e9er une proposition artistique adapt\u00e9e \u00e0 votre projet et imaginer un moment unique pour votre \u00e9v\u00e9nement.<\/p>\n\n\n\n<div class=\"wp-block-buttons is-layout-flex wp-block-buttons-is-layout-flex\">\n<div class=\"wp-block-button\"><a class=\"wp-block-button__link wp-element-button\" href=\"https:\/\/flyingsisters.be\/index.php\/devis\/\">Faire un devis <\/a><\/div>\n<\/div>\n","protected":false},"excerpt":{"rendered":"<p>Cr\u00e9er une performance sur mesure Pour imaginer une performance parfaitement adapt\u00e9e \u00e0 votre \u00e9v\u00e9nement, nous avons besoin de quelques informations essentielles. Celles-ci nous permettent de concevoir un show qui s\u2019int\u00e8gre harmonieusement au lieu, \u00e0 l\u2019ambiance et au d\u00e9roulement de votre \u00e9v\u00e9nement. Voici les \u00e9l\u00e9ments qui nous aident \u00e0 pr\u00e9parer une proposition sur mesure : Avec [&hellip;]<\/p>\n","protected":false},"author":1,"featured_media":0,"parent":0,"menu_order":0,"comment_status":"closed","ping_status":"closed","template":"","meta":{"footnotes":""},"class_list":["post-62","page","type-page","status-publish","hentry"],"_links":{"self":[{"href":"https:\/\/flyingsisters.be\/index.php\/wp-json\/wp\/v2\/pages\/62","targetHints":{"allow":["GET"]}}],"collection":[{"href":"https:\/\/flyingsisters.be\/index.php\/wp-json\/wp\/v2\/pages"}],"about":[{"href":"https:\/\/flyingsisters.be\/index.php\/wp-json\/wp\/v2\/types\/page"}],"author":[{"embeddable":true,"href":"https:\/\/flyingsisters.be\/index.php\/wp-json\/wp\/v2\/users\/1"}],"replies":[{"embeddable":true,"href":"https:\/\/flyingsisters.be\/index.php\/wp-json\/wp\/v2\/comments?post=62"}],"version-history":[{"count":1,"href":"https:\/\/flyingsisters.be\/index.php\/wp-json\/wp\/v2\/pages\/62\/revisions"}],"predecessor-version":[{"id":64,"href":"https:\/\/flyingsisters.be\/index.php\/wp-json\/wp\/v2\/pages\/62\/revisions\/64"}],"wp:attachment":[{"href":"https:\/\/flyingsisters.be\/index.php\/wp-json\/wp\/v2\/media?parent=62"}],"curies":[{"name":"wp","href":"https:\/\/api.w.org\/{rel}","templated":true}]}}